{"id":3094,"date":"2022-03-14T12:25:38","date_gmt":"2022-03-14T12:25:38","guid":{"rendered":"https:\/\/zborsolidarity.eu\/?post_type=tribe_events&#038;p=3094"},"modified":"2022-03-14T12:25:38","modified_gmt":"2022-03-14T12:25:38","slug":"europe-talks-about-solidarity-2","status":"publish","type":"tribe_events","link":"https:\/\/zborsolidarity.eu\/en\/skolenie\/europe-talks-about-solidarity-2\/","title":{"rendered":"Europe talks about Solidarity"},"content":{"rendered":"<p>Europe talks about Solidarity pon\u00fakne \u00fa\u010dastn\u00edkom priestor na dial\u00f3g o\u00a0ch\u00e1pan\u00ed solidarity v\u00a0Eur\u00f3pe. Udalos\u0165 spoj\u00ed expertov zo sektora pr\u00e1ce s\u00a0ml\u00e1de\u017eou, ktor\u00ed bud\u00fa diskutova\u0165 o\u00a0ch\u00e1pan\u00ed solidarity. Rovnako poskytne preh\u013ead o\u00a0solidarite v\u00a0oblasti pr\u00e1ce s\u00a0ml\u00e1de\u017eou. \u00da\u010dastn\u00edkom bude prezentova\u0165 r\u00f4zne perspekt\u00edvy solidarity cez extern\u00fdch expertov, s\u00a0cie\u013eom kriticky uva\u017eova\u0165 o\u00a0ch\u00e1pan\u00ed solidarity.<\/p>\n<p>Ciele aktivity:<\/p>\n<ul>\n<li>Vytvori\u0165 platformu pre particip\u00e1ciu v debat\u00e1ch o r\u00f4znych aspektov a ch\u00e1pan\u00ed solidarity v roku 2022;<\/li>\n<li>Predstavi\u0165 r\u00f4zne in\u0161pirat\u00edvne pr\u00edklady dobrej praxe spojen\u00e9 so solidaritou v\u00a0r\u00e1mci programu Eur\u00f3psky Zbor Solidarity aj mimo neho s\u00a0cie\u013eom podporova\u0165 solidaritu ako z\u00e1kladn\u00fa hodnotu Eur\u00f3py.<\/li>\n<\/ul>\n<p>V pr\u00edpade z\u00e1ujmu je mo\u017en\u00e9 sa prihl\u00e1si\u0165 na tomto <a href=\"https:\/\/www.salto-youth.net\/tools\/european-training-calendar\/training\/europe-talks-about-solidarity.9958\/\">linku<\/a> do 21. marca 2022.<\/p>\n","protected":false},"excerpt":{"rendered":"<p>Europe talks about Solidarity pon\u00fakne \u00fa\u010dastn\u00edkom priestor na dial\u00f3g o\u00a0ch\u00e1pan\u00ed solidarity v\u00a0Eur\u00f3pe. Udalos\u0165 spoj\u00ed expertov zo sektora pr\u00e1ce s\u00a0ml\u00e1de\u017eou, ktor\u00ed bud\u00fa diskutova\u0165 o\u00a0ch\u00e1pan\u00ed solidarity. Rovnako poskytne preh\u013ead o\u00a0solidarite v\u00a0oblasti pr\u00e1ce&#8230;<\/p>\n","protected":false},"author":3,"featured_media":3095,"template":"","meta":{"_tribe_events_status":"","_tribe_events_status_reason":"","footnotes":""},"tags":[],"tribe_events_cat":[31],"class_list":["post-3094","tribe_events","type-tribe_events","status-publish","has-post-thumbnail","hentry","tribe_events_cat-medzinarodne-skolenia","cat_medzinarodne-skolenia"],"translation":{"provider":"WPGlobus","version":"3.0.2","language":"en","enabled_languages":["sk","en"],"languages":{"sk":{"title":true,"content":true,"excerpt":false},"en":{"title":false,"content":false,"excerpt":false}}},"yoast_head":"<!-- This site is optimized with the Yoast SEO plugin v26.9 - https:\/\/yoast.com\/product\/yoast-seo-wordpress\/ -->\n<title>Europe talks about Solidarity - European Solidarity Corps<\/title>\n<meta name=\"robots\" content=\"index, follow, max-snippet:-1, max-image-preview:large, max-video-preview:-1\" \/>\n<link rel=\"canonical\" href=\"https:\/\/zborsolidarity.eu\/skolenie\/europe-talks-about-solidarity-2\/\" \/>\n<meta property=\"og:locale\" content=\"en_US\" \/>\n<meta property=\"og:type\" content=\"article\" \/>\n<meta property=\"og:title\" content=\"Europe talks about Solidarity - European Solidarity Corps\" \/>\n<meta property=\"og:url\" content=\"https:\/\/zborsolidarity.eu\/skolenie\/europe-talks-about-solidarity-2\/\" \/>\n<meta property=\"og:site_name\" content=\"European Solidarity Corps\" \/>\n<meta property=\"og:image\" content=\"https:\/\/zborsolidarity.eu\/wp-content\/uploads\/2022\/03\/Europe-talks-about-Solidarity-1.png\" \/>\n\t<meta property=\"og:image:width\" content=\"940\" \/>\n\t<meta property=\"og:image:height\" content=\"788\" \/>\n\t<meta property=\"og:image:type\" content=\"image\/png\" \/>\n<meta name=\"twitter:card\" content=\"summary_large_image\" \/>\n<meta name=\"twitter:label1\" content=\"Est. reading time\" \/>\n\t<meta name=\"twitter:data1\" content=\"1 minute\" \/>\n<script type=\"application\/ld+json\" class=\"yoast-schema-graph\">{\"@context\":\"https:\/\/schema.org\",\"@graph\":[{\"@type\":\"WebPage\",\"@id\":\"https:\/\/zborsolidarity.eu\/skolenie\/europe-talks-about-solidarity-2\/\",\"url\":\"https:\/\/zborsolidarity.eu\/skolenie\/europe-talks-about-solidarity-2\/\",\"name\":\"Europe talks about Solidarity - European Solidarity Corps\",\"isPartOf\":{\"@id\":\"https:\/\/zborsolidarity.eu\/#website\"},\"primaryImageOfPage\":{\"@id\":\"https:\/\/zborsolidarity.eu\/skolenie\/europe-talks-about-solidarity-2\/#primaryimage\"},\"image\":{\"@id\":\"https:\/\/zborsolidarity.eu\/skolenie\/europe-talks-about-solidarity-2\/#primaryimage\"},\"thumbnailUrl\":\"https:\/\/zborsolidarity.eu\/wp-content\/uploads\/2022\/03\/Europe-talks-about-Solidarity-1.png\",\"datePublished\":\"2022-03-14T12:25:38+00:00\",\"breadcrumb\":{\"@id\":\"https:\/\/zborsolidarity.eu\/skolenie\/europe-talks-about-solidarity-2\/#breadcrumb\"},\"inLanguage\":\"en-US\",\"potentialAction\":[{\"@type\":\"ReadAction\",\"target\":[\"https:\/\/zborsolidarity.eu\/skolenie\/europe-talks-about-solidarity-2\/\"]}]},{\"@type\":\"ImageObject\",\"inLanguage\":\"en-US\",\"@id\":\"https:\/\/zborsolidarity.eu\/skolenie\/europe-talks-about-solidarity-2\/#primaryimage\",\"url\":\"https:\/\/zborsolidarity.eu\/wp-content\/uploads\/2022\/03\/Europe-talks-about-Solidarity-1.png\",\"contentUrl\":\"https:\/\/zborsolidarity.eu\/wp-content\/uploads\/2022\/03\/Europe-talks-about-Solidarity-1.png\",\"width\":940,\"height\":788},{\"@type\":\"BreadcrumbList\",\"@id\":\"https:\/\/zborsolidarity.eu\/skolenie\/europe-talks-about-solidarity-2\/#breadcrumb\",\"itemListElement\":[{\"@type\":\"ListItem\",\"position\":1,\"name\":\"Domovsk\u00e1 str\u00e1nka\",\"item\":\"https:\/\/zborsolidarity.eu\/\"},{\"@type\":\"ListItem\",\"position\":2,\"name\":\"\u0161kolenia\",\"item\":\"https:\/\/zborsolidarity.eu\/skolenia\/\"},{\"@type\":\"ListItem\",\"position\":3,\"name\":\"Europe talks about Solidarity\"}]},{\"@type\":\"WebSite\",\"@id\":\"https:\/\/zborsolidarity.eu\/#website\",\"url\":\"https:\/\/zborsolidarity.eu\/\",\"name\":\"European Solidarity Corps\",\"description\":\"\",\"publisher\":{\"@id\":\"https:\/\/zborsolidarity.eu\/#organization\"},\"potentialAction\":[{\"@type\":\"SearchAction\",\"target\":{\"@type\":\"EntryPoint\",\"urlTemplate\":\"https:\/\/zborsolidarity.eu\/?s={search_term_string}\"},\"query-input\":{\"@type\":\"PropertyValueSpecification\",\"valueRequired\":true,\"valueName\":\"search_term_string\"}}],\"inLanguage\":\"en-US\"},{\"@type\":\"Organization\",\"@id\":\"https:\/\/zborsolidarity.eu\/#organization\",\"name\":\"European Solidarity Corps\",\"url\":\"https:\/\/zborsolidarity.eu\/\",\"logo\":{\"@type\":\"ImageObject\",\"inLanguage\":\"en-US\",\"@id\":\"https:\/\/zborsolidarity.eu\/#\/schema\/logo\/image\/\",\"url\":\"https:\/\/zborsolidarity.eu\/wp-content\/uploads\/2020\/10\/zbor_solidarity_logo.png\",\"contentUrl\":\"https:\/\/zborsolidarity.eu\/wp-content\/uploads\/2020\/10\/zbor_solidarity_logo.png\",\"width\":600,\"height\":165,\"caption\":\"European Solidarity Corps\"},\"image\":{\"@id\":\"https:\/\/zborsolidarity.eu\/#\/schema\/logo\/image\/\"}}]}<\/script>\n<!-- \/ Yoast SEO plugin. -->","yoast_head_json":{"title":"Europe talks about Solidarity - European Solidarity Corps","robots":{"index":"index","follow":"follow","max-snippet":"max-snippet:-1","max-image-preview":"max-image-preview:large","max-video-preview":"max-video-preview:-1"},"canonical":"https:\/\/zborsolidarity.eu\/skolenie\/europe-talks-about-solidarity-2\/","og_locale":"en_US","og_type":"article","og_title":"Europe talks about Solidarity - European Solidarity Corps","og_url":"https:\/\/zborsolidarity.eu\/skolenie\/europe-talks-about-solidarity-2\/","og_site_name":"European Solidarity Corps","og_image":[{"width":940,"height":788,"url":"https:\/\/zborsolidarity.eu\/wp-content\/uploads\/2022\/03\/Europe-talks-about-Solidarity-1.png","type":"image\/png"}],"twitter_card":"summary_large_image","twitter_misc":{"Est. reading time":"1 minute"},"schema":{"@context":"https:\/\/schema.org","@graph":[{"@type":"WebPage","@id":"https:\/\/zborsolidarity.eu\/skolenie\/europe-talks-about-solidarity-2\/","url":"https:\/\/zborsolidarity.eu\/skolenie\/europe-talks-about-solidarity-2\/","name":"Europe talks about Solidarity - European Solidarity Corps","isPartOf":{"@id":"https:\/\/zborsolidarity.eu\/#website"},"primaryImageOfPage":{"@id":"https:\/\/zborsolidarity.eu\/skolenie\/europe-talks-about-solidarity-2\/#primaryimage"},"image":{"@id":"https:\/\/zborsolidarity.eu\/skolenie\/europe-talks-about-solidarity-2\/#primaryimage"},"thumbnailUrl":"https:\/\/zborsolidarity.eu\/wp-content\/uploads\/2022\/03\/Europe-talks-about-Solidarity-1.png","datePublished":"2022-03-14T12:25:38+00:00","breadcrumb":{"@id":"https:\/\/zborsolidarity.eu\/skolenie\/europe-talks-about-solidarity-2\/#breadcrumb"},"inLanguage":"en-US","potentialAction":[{"@type":"ReadAction","target":["https:\/\/zborsolidarity.eu\/skolenie\/europe-talks-about-solidarity-2\/"]}]},{"@type":"ImageObject","inLanguage":"en-US","@id":"https:\/\/zborsolidarity.eu\/skolenie\/europe-talks-about-solidarity-2\/#primaryimage","url":"https:\/\/zborsolidarity.eu\/wp-content\/uploads\/2022\/03\/Europe-talks-about-Solidarity-1.png","contentUrl":"https:\/\/zborsolidarity.eu\/wp-content\/uploads\/2022\/03\/Europe-talks-about-Solidarity-1.png","width":940,"height":788},{"@type":"BreadcrumbList","@id":"https:\/\/zborsolidarity.eu\/skolenie\/europe-talks-about-solidarity-2\/#breadcrumb","itemListElement":[{"@type":"ListItem","position":1,"name":"Domovsk\u00e1 str\u00e1nka","item":"https:\/\/zborsolidarity.eu\/"},{"@type":"ListItem","position":2,"name":"\u0161kolenia","item":"https:\/\/zborsolidarity.eu\/skolenia\/"},{"@type":"ListItem","position":3,"name":"Europe talks about Solidarity"}]},{"@type":"WebSite","@id":"https:\/\/zborsolidarity.eu\/#website","url":"https:\/\/zborsolidarity.eu\/","name":"European Solidarity Corps","description":"","publisher":{"@id":"https:\/\/zborsolidarity.eu\/#organization"},"potentialAction":[{"@type":"SearchAction","target":{"@type":"EntryPoint","urlTemplate":"https:\/\/zborsolidarity.eu\/?s={search_term_string}"},"query-input":{"@type":"PropertyValueSpecification","valueRequired":true,"valueName":"search_term_string"}}],"inLanguage":"en-US"},{"@type":"Organization","@id":"https:\/\/zborsolidarity.eu\/#organization","name":"European Solidarity Corps","url":"https:\/\/zborsolidarity.eu\/","logo":{"@type":"ImageObject","inLanguage":"en-US","@id":"https:\/\/zborsolidarity.eu\/#\/schema\/logo\/image\/","url":"https:\/\/zborsolidarity.eu\/wp-content\/uploads\/2020\/10\/zbor_solidarity_logo.png","contentUrl":"https:\/\/zborsolidarity.eu\/wp-content\/uploads\/2020\/10\/zbor_solidarity_logo.png","width":600,"height":165,"caption":"European Solidarity Corps"},"image":{"@id":"https:\/\/zborsolidarity.eu\/#\/schema\/logo\/image\/"}}]}},"_links":{"self":[{"href":"https:\/\/zborsolidarity.eu\/en\/wp-json\/wp\/v2\/tribe_events\/3094","targetHints":{"allow":["GET"]}}],"collection":[{"href":"https:\/\/zborsolidarity.eu\/en\/wp-json\/wp\/v2\/tribe_events"}],"about":[{"href":"https:\/\/zborsolidarity.eu\/en\/wp-json\/wp\/v2\/types\/tribe_events"}],"author":[{"embeddable":true,"href":"https:\/\/zborsolidarity.eu\/en\/wp-json\/wp\/v2\/users\/3"}],"version-history":[{"count":2,"href":"https:\/\/zborsolidarity.eu\/en\/wp-json\/wp\/v2\/tribe_events\/3094\/revisions"}],"predecessor-version":[{"id":3097,"href":"https:\/\/zborsolidarity.eu\/en\/wp-json\/wp\/v2\/tribe_events\/3094\/revisions\/3097"}],"wp:featuredmedia":[{"embeddable":true,"href":"https:\/\/zborsolidarity.eu\/en\/wp-json\/wp\/v2\/media\/3095"}],"wp:attachment":[{"href":"https:\/\/zborsolidarity.eu\/en\/wp-json\/wp\/v2\/media?parent=3094"}],"wp:term":[{"taxonomy":"post_tag","embeddable":true,"href":"https:\/\/zborsolidarity.eu\/en\/wp-json\/wp\/v2\/tags?post=3094"},{"taxonomy":"tribe_events_cat","embeddable":true,"href":"https:\/\/zborsolidarity.eu\/en\/wp-json\/wp\/v2\/tribe_events_cat?post=3094"}],"curies":[{"name":"wp","href":"https:\/\/api.w.org\/{rel}","templated":true}]}}

<p>Europe talks about Solidarity ponúkne účastníkom priestor na dialóg o chápaní solidarity v Európe. Udalosť spojí expertov zo sektora práce s mládežou, ktorí budú diskutovať o chápaní solidarity. Rovnako poskytne prehľad o solidarite v oblasti práce s mládežou. Účastníkom bude prezentovať rôzne perspektívy solidarity cez externých expertov, s cieľom kriticky uvažovať o chápaní solidarity.</p>
<p>Ciele aktivity:</p>
<ul>
<li>Vytvoriť platformu pre participáciu v debatách o rôznych aspektov a chápaní solidarity v roku 2022;</li>
<li>Predstaviť rôzne inšpiratívne príklady dobrej praxe spojené so solidaritou v rámci programu Európsky Zbor Solidarity aj mimo neho s cieľom podporovať solidaritu ako základnú hodnotu Európy.</li>
</ul>
<p>V prípade záujmu je možné sa prihlásiť na tomto <a href="https://www.salto-youth.net/tools/european-training-calendar/training/europe-talks-about-solidarity.9958/">linku</a> do 21. marca 2022.</p>

<p>Europe talks about Solidarity ponúkne účastníkom priestor na dialóg o chápaní solidarity v Európe. Udalosť spojí expertov zo sektora práce s mládežou, ktorí budú diskutovať o chápaní solidarity. Rovnako poskytne prehľad o solidarite v oblasti práce&#8230;</p>

<!-- This site is optimized with the Yoast SEO plugin v26.9 - https://yoast.com/product/yoast-seo-wordpress/ -->
<title>Europe talks about Solidarity - European Solidarity Corps</title>
<meta name="robots" content="index, follow, max-snippet:-1, max-image-preview:large, max-video-preview:-1" />
<link rel="canonical" href="https://zborsolidarity.eu/skolenie/europe-talks-about-solidarity-2/" />
<meta property="og:locale" content="en_US" />
<meta property="og:type" content="article" />
<meta property="og:title" content="Europe talks about Solidarity - European Solidarity Corps" />
<meta property="og:url" content="https://zborsolidarity.eu/skolenie/europe-talks-about-solidarity-2/" />
<meta property="og:site_name" content="European Solidarity Corps" />
<meta property="og:image" content="https://zborsolidarity.eu/wp-content/uploads/2022/03/Europe-talks-about-Solidarity-1.png" />
	<meta property="og:image:width" content="940" />
	<meta property="og:image:height" content="788" />
	<meta property="og:image:type" content="image/png" />
<meta name="twitter:card" content="summary_large_image" />
<meta name="twitter:label1" content="Est. reading time" />
	<meta name="twitter:data1" content="1 minute" />
<script type="application/ld+json" class="yoast-schema-graph">{"@context":"https://schema.org","@graph":[{"@type":"WebPage","@id":"https://zborsolidarity.eu/skolenie/europe-talks-about-solidarity-2/","url":"https://zborsolidarity.eu/skolenie/europe-talks-about-solidarity-2/","name":"Europe talks about Solidarity - European Solidarity Corps","isPartOf":{"@id":"https://zborsolidarity.eu/#website"},"primaryImageOfPage":{"@id":"https://zborsolidarity.eu/skolenie/europe-talks-about-solidarity-2/#primaryimage"},"image":{"@id":"https://zborsolidarity.eu/skolenie/europe-talks-about-solidarity-2/#primaryimage"},"thumbnailUrl":"https://zborsolidarity.eu/wp-content/uploads/2022/03/Europe-talks-about-Solidarity-1.png","datePublished":"2022-03-14T12:25:38+00:00","breadcrumb":{"@id":"https://zborsolidarity.eu/skolenie/europe-talks-about-solidarity-2/#breadcrumb"},"inLanguage":"en-US","potentialAction":[{"@type":"ReadAction","target":["https://zborsolidarity.eu/skolenie/europe-talks-about-solidarity-2/"]}]},{"@type":"ImageObject","inLanguage":"en-US","@id":"https://zborsolidarity.eu/skolenie/europe-talks-about-solidarity-2/#primaryimage","url":"https://zborsolidarity.eu/wp-content/uploads/2022/03/Europe-talks-about-Solidarity-1.png","contentUrl":"https://zborsolidarity.eu/wp-content/uploads/2022/03/Europe-talks-about-Solidarity-1.png","width":940,"height":788},{"@type":"BreadcrumbList","@id":"https://zborsolidarity.eu/skolenie/europe-talks-about-solidarity-2/#breadcrumb","itemListElement":[{"@type":"ListItem","position":1,"name":"Domovská stránka","item":"https://zborsolidarity.eu/"},{"@type":"ListItem","position":2,"name":"školenia","item":"https://zborsolidarity.eu/skolenia/"},{"@type":"ListItem","position":3,"name":"Europe talks about Solidarity"}]},{"@type":"WebSite","@id":"https://zborsolidarity.eu/#website","url":"https://zborsolidarity.eu/","name":"European Solidarity Corps","description":"","publisher":{"@id":"https://zborsolidarity.eu/#organization"},"potentialAction":[{"@type":"SearchAction","target":{"@type":"EntryPoint","urlTemplate":"https://zborsolidarity.eu/?s={search_term_string}"},"query-input":{"@type":"PropertyValueSpecification","valueRequired":true,"valueName":"search_term_string"}}],"inLanguage":"en-US"},{"@type":"Organization","@id":"https://zborsolidarity.eu/#organization","name":"European Solidarity Corps","url":"https://zborsolidarity.eu/","logo":{"@type":"ImageObject","inLanguage":"en-US","@id":"https://zborsolidarity.eu/#/schema/logo/image/","url":"https://zborsolidarity.eu/wp-content/uploads/2020/10/zbor_solidarity_logo.png","contentUrl":"https://zborsolidarity.eu/wp-content/uploads/2020/10/zbor_solidarity_logo.png","width":600,"height":165,"caption":"European Solidarity Corps"},"image":{"@id":"https://zborsolidarity.eu/#/schema/logo/image/"}}]}</script>
<!-- / Yoast SEO plugin. -->

Domovská stránka

školenia
