{"id":3149,"date":"2022-04-12T07:13:03","date_gmt":"2022-04-12T07:13:03","guid":{"rendered":"https:\/\/zborsolidarity.eu\/?post_type=tribe_events&#038;p=3149"},"modified":"2022-04-12T07:13:03","modified_gmt":"2022-04-12T07:13:03","slug":"the-new-generation-of-leaders","status":"publish","type":"tribe_events","link":"https:\/\/zborsolidarity.eu\/en\/skolenie\/the-new-generation-of-leaders\/","title":{"rendered":"The new generation of leaders"},"content":{"rendered":"<p>Ktor\u00e9 skills potrebuj\u00fa l\u00eddri 21. storo\u010dia? Ak\u00e9 s\u00fa nov\u00e9 formy fungovania l\u00eddra, ktor\u00e9 vypl\u00fdvaj\u00fa z n\u00e1rokov doby? Cie\u013eom \u0161kolenia je zv\u00fd\u0161i\u0165 kompetencie mlad\u00fdch \u013eud\u00ed a pracovn\u00edkov s\u00a0ml\u00e1de\u017eou v\u00a0t\u00e9me l\u00edderstva a projektov\u00e9ho mana\u017ementu, aby boli schopn\u00ed realizova\u0165 kvalitn\u00e9 projektov\u00e9 n\u00e1vrhy. \u00da\u010dastn\u00edci si z\u00e1\u017eitkovou formou osvoja techniky a n\u00e1stroje, ktor\u00e9 leader uplat\u0148uje v\u00a0praxi.<\/p>\n<p>Ciele aktivity:<\/p>\n<ul>\n<li>Bud\u00fa zameran\u00e9 najm\u00e4 na pochopenie pojmu l\u00edder, rola l\u00eddra, vlastnosti l\u00eddra, rozvoj l\u00eddra a\u00a0pr\u00ednos l\u00eddra pri implement\u00e1cii projektov. T\u00e9ma l\u00edderstva bude prepojen\u00e1 s tvorbou projektu a projektov\u00e9ho mana\u017ementu.<\/li>\n<li>Ako si vyt\u00fd\u010di\u0165 dosiahnute\u013en\u00e9 ciele a\u00a0ako delegova\u0165 \u00falohy<\/li>\n<li>Posilnenie prezenta\u010dn\u00fdch a facilita\u010dn\u00fdch kompetencii<\/li>\n<li>Pr\u00e1ca s\u00a0t\u00edmom a\u00a0s\u00a0motiv\u00e1ciou t\u00edmu. Pr\u00e1ca s\u00a0r\u00f4znymi \u010dlenmi t\u00edmu \u2013 nov\u00e1\u010dik verzus stabiln\u00fd \u010dlen t\u00edmu<\/li>\n<li>Ako nadstavi\u0165 syst\u00e9m monitorovania procesov po\u010das realiz\u00e1cie projektov<\/li>\n<li>Sebapoznanie \u2013 poznanie vlastn\u00fdch zdrojov a\u00a0potenci\u00e1lu \u2013 ako sa vid\u00edm ja, ako ma vidia in\u00ed, vlastnosti, postoje a\u00a0schopnosti ako predpoklady ved\u00face k\u00a0\u00faspechu. Vplyv spr\u00e1vania l\u00eddra na spolupracovn\u00edkov<\/li>\n<\/ul>\n","protected":false},"excerpt":{"rendered":"<p>Ktor\u00e9 skills potrebuj\u00fa l\u00eddri 21. storo\u010dia? Ak\u00e9 s\u00fa nov\u00e9 formy fungovania l\u00eddra, ktor\u00e9 vypl\u00fdvaj\u00fa z n\u00e1rokov doby? Cie\u013eom \u0161kolenia je zv\u00fd\u0161i\u0165 kompetencie mlad\u00fdch \u013eud\u00ed a pracovn\u00edkov s\u00a0ml\u00e1de\u017eou v\u00a0t\u00e9me l\u00edderstva a&#8230;<\/p>\n","protected":false},"author":3,"featured_media":3150,"template":"","meta":{"_tribe_events_status":"","_tribe_events_status_reason":"","footnotes":""},"tags":[],"tribe_events_cat":[30],"class_list":["post-3149","tribe_events","type-tribe_events","status-publish","has-post-thumbnail","hentry","tribe_events_cat-narodne-skolenia","cat_narodne-skolenia"],"translation":{"provider":"WPGlobus","version":"3.0.2","language":"en","enabled_languages":["sk","en"],"languages":{"sk":{"title":true,"content":true,"excerpt":false},"en":{"title":false,"content":false,"excerpt":false}}},"yoast_head":"<!-- This site is optimized with the Yoast SEO plugin v26.9 - https:\/\/yoast.com\/product\/yoast-seo-wordpress\/ -->\n<title>The new generation of leaders - European Solidarity Corps<\/title>\n<meta name=\"robots\" content=\"index, follow, max-snippet:-1, max-image-preview:large, max-video-preview:-1\" \/>\n<link rel=\"canonical\" href=\"https:\/\/zborsolidarity.eu\/skolenie\/the-new-generation-of-leaders\/\" \/>\n<meta property=\"og:locale\" content=\"en_US\" \/>\n<meta property=\"og:type\" content=\"article\" \/>\n<meta property=\"og:title\" content=\"The new generation of leaders - European Solidarity Corps\" \/>\n<meta property=\"og:url\" content=\"https:\/\/zborsolidarity.eu\/skolenie\/the-new-generation-of-leaders\/\" \/>\n<meta property=\"og:site_name\" content=\"European Solidarity Corps\" \/>\n<meta property=\"og:image\" content=\"https:\/\/zborsolidarity.eu\/wp-content\/uploads\/2022\/04\/Skolenie-The-new-generation-of-leaders.png\" \/>\n\t<meta property=\"og:image:width\" content=\"1414\" \/>\n\t<meta property=\"og:image:height\" content=\"2000\" \/>\n\t<meta property=\"og:image:type\" content=\"image\/png\" \/>\n<meta name=\"twitter:card\" content=\"summary_large_image\" \/>\n<meta name=\"twitter:label1\" content=\"Est. reading time\" \/>\n\t<meta name=\"twitter:data1\" content=\"1 minute\" \/>\n<script type=\"application\/ld+json\" class=\"yoast-schema-graph\">{\"@context\":\"https:\/\/schema.org\",\"@graph\":[{\"@type\":\"WebPage\",\"@id\":\"https:\/\/zborsolidarity.eu\/skolenie\/the-new-generation-of-leaders\/\",\"url\":\"https:\/\/zborsolidarity.eu\/skolenie\/the-new-generation-of-leaders\/\",\"name\":\"The new generation of leaders - European Solidarity Corps\",\"isPartOf\":{\"@id\":\"https:\/\/zborsolidarity.eu\/#website\"},\"primaryImageOfPage\":{\"@id\":\"https:\/\/zborsolidarity.eu\/skolenie\/the-new-generation-of-leaders\/#primaryimage\"},\"image\":{\"@id\":\"https:\/\/zborsolidarity.eu\/skolenie\/the-new-generation-of-leaders\/#primaryimage\"},\"thumbnailUrl\":\"https:\/\/zborsolidarity.eu\/wp-content\/uploads\/2022\/04\/Skolenie-The-new-generation-of-leaders.png\",\"datePublished\":\"2022-04-12T07:13:03+00:00\",\"breadcrumb\":{\"@id\":\"https:\/\/zborsolidarity.eu\/skolenie\/the-new-generation-of-leaders\/#breadcrumb\"},\"inLanguage\":\"en-US\",\"potentialAction\":[{\"@type\":\"ReadAction\",\"target\":[\"https:\/\/zborsolidarity.eu\/skolenie\/the-new-generation-of-leaders\/\"]}]},{\"@type\":\"ImageObject\",\"inLanguage\":\"en-US\",\"@id\":\"https:\/\/zborsolidarity.eu\/skolenie\/the-new-generation-of-leaders\/#primaryimage\",\"url\":\"https:\/\/zborsolidarity.eu\/wp-content\/uploads\/2022\/04\/Skolenie-The-new-generation-of-leaders.png\",\"contentUrl\":\"https:\/\/zborsolidarity.eu\/wp-content\/uploads\/2022\/04\/Skolenie-The-new-generation-of-leaders.png\",\"width\":1414,\"height\":2000},{\"@type\":\"BreadcrumbList\",\"@id\":\"https:\/\/zborsolidarity.eu\/skolenie\/the-new-generation-of-leaders\/#breadcrumb\",\"itemListElement\":[{\"@type\":\"ListItem\",\"position\":1,\"name\":\"Domovsk\u00e1 str\u00e1nka\",\"item\":\"https:\/\/zborsolidarity.eu\/\"},{\"@type\":\"ListItem\",\"position\":2,\"name\":\"\u0161kolenia\",\"item\":\"https:\/\/zborsolidarity.eu\/skolenia\/\"},{\"@type\":\"ListItem\",\"position\":3,\"name\":\"The new generation of leaders\"}]},{\"@type\":\"WebSite\",\"@id\":\"https:\/\/zborsolidarity.eu\/#website\",\"url\":\"https:\/\/zborsolidarity.eu\/\",\"name\":\"European Solidarity Corps\",\"description\":\"\",\"publisher\":{\"@id\":\"https:\/\/zborsolidarity.eu\/#organization\"},\"potentialAction\":[{\"@type\":\"SearchAction\",\"target\":{\"@type\":\"EntryPoint\",\"urlTemplate\":\"https:\/\/zborsolidarity.eu\/?s={search_term_string}\"},\"query-input\":{\"@type\":\"PropertyValueSpecification\",\"valueRequired\":true,\"valueName\":\"search_term_string\"}}],\"inLanguage\":\"en-US\"},{\"@type\":\"Organization\",\"@id\":\"https:\/\/zborsolidarity.eu\/#organization\",\"name\":\"European Solidarity Corps\",\"url\":\"https:\/\/zborsolidarity.eu\/\",\"logo\":{\"@type\":\"ImageObject\",\"inLanguage\":\"en-US\",\"@id\":\"https:\/\/zborsolidarity.eu\/#\/schema\/logo\/image\/\",\"url\":\"https:\/\/zborsolidarity.eu\/wp-content\/uploads\/2020\/10\/zbor_solidarity_logo.png\",\"contentUrl\":\"https:\/\/zborsolidarity.eu\/wp-content\/uploads\/2020\/10\/zbor_solidarity_logo.png\",\"width\":600,\"height\":165,\"caption\":\"European Solidarity Corps\"},\"image\":{\"@id\":\"https:\/\/zborsolidarity.eu\/#\/schema\/logo\/image\/\"}}]}<\/script>\n<!-- \/ Yoast SEO plugin. -->","yoast_head_json":{"title":"The new generation of leaders - European Solidarity Corps","robots":{"index":"index","follow":"follow","max-snippet":"max-snippet:-1","max-image-preview":"max-image-preview:large","max-video-preview":"max-video-preview:-1"},"canonical":"https:\/\/zborsolidarity.eu\/skolenie\/the-new-generation-of-leaders\/","og_locale":"en_US","og_type":"article","og_title":"The new generation of leaders - European Solidarity Corps","og_url":"https:\/\/zborsolidarity.eu\/skolenie\/the-new-generation-of-leaders\/","og_site_name":"European Solidarity Corps","og_image":[{"width":1414,"height":2000,"url":"https:\/\/zborsolidarity.eu\/wp-content\/uploads\/2022\/04\/Skolenie-The-new-generation-of-leaders.png","type":"image\/png"}],"twitter_card":"summary_large_image","twitter_misc":{"Est. reading time":"1 minute"},"schema":{"@context":"https:\/\/schema.org","@graph":[{"@type":"WebPage","@id":"https:\/\/zborsolidarity.eu\/skolenie\/the-new-generation-of-leaders\/","url":"https:\/\/zborsolidarity.eu\/skolenie\/the-new-generation-of-leaders\/","name":"The new generation of leaders - European Solidarity Corps","isPartOf":{"@id":"https:\/\/zborsolidarity.eu\/#website"},"primaryImageOfPage":{"@id":"https:\/\/zborsolidarity.eu\/skolenie\/the-new-generation-of-leaders\/#primaryimage"},"image":{"@id":"https:\/\/zborsolidarity.eu\/skolenie\/the-new-generation-of-leaders\/#primaryimage"},"thumbnailUrl":"https:\/\/zborsolidarity.eu\/wp-content\/uploads\/2022\/04\/Skolenie-The-new-generation-of-leaders.png","datePublished":"2022-04-12T07:13:03+00:00","breadcrumb":{"@id":"https:\/\/zborsolidarity.eu\/skolenie\/the-new-generation-of-leaders\/#breadcrumb"},"inLanguage":"en-US","potentialAction":[{"@type":"ReadAction","target":["https:\/\/zborsolidarity.eu\/skolenie\/the-new-generation-of-leaders\/"]}]},{"@type":"ImageObject","inLanguage":"en-US","@id":"https:\/\/zborsolidarity.eu\/skolenie\/the-new-generation-of-leaders\/#primaryimage","url":"https:\/\/zborsolidarity.eu\/wp-content\/uploads\/2022\/04\/Skolenie-The-new-generation-of-leaders.png","contentUrl":"https:\/\/zborsolidarity.eu\/wp-content\/uploads\/2022\/04\/Skolenie-The-new-generation-of-leaders.png","width":1414,"height":2000},{"@type":"BreadcrumbList","@id":"https:\/\/zborsolidarity.eu\/skolenie\/the-new-generation-of-leaders\/#breadcrumb","itemListElement":[{"@type":"ListItem","position":1,"name":"Domovsk\u00e1 str\u00e1nka","item":"https:\/\/zborsolidarity.eu\/"},{"@type":"ListItem","position":2,"name":"\u0161kolenia","item":"https:\/\/zborsolidarity.eu\/skolenia\/"},{"@type":"ListItem","position":3,"name":"The new generation of leaders"}]},{"@type":"WebSite","@id":"https:\/\/zborsolidarity.eu\/#website","url":"https:\/\/zborsolidarity.eu\/","name":"European Solidarity Corps","description":"","publisher":{"@id":"https:\/\/zborsolidarity.eu\/#organization"},"potentialAction":[{"@type":"SearchAction","target":{"@type":"EntryPoint","urlTemplate":"https:\/\/zborsolidarity.eu\/?s={search_term_string}"},"query-input":{"@type":"PropertyValueSpecification","valueRequired":true,"valueName":"search_term_string"}}],"inLanguage":"en-US"},{"@type":"Organization","@id":"https:\/\/zborsolidarity.eu\/#organization","name":"European Solidarity Corps","url":"https:\/\/zborsolidarity.eu\/","logo":{"@type":"ImageObject","inLanguage":"en-US","@id":"https:\/\/zborsolidarity.eu\/#\/schema\/logo\/image\/","url":"https:\/\/zborsolidarity.eu\/wp-content\/uploads\/2020\/10\/zbor_solidarity_logo.png","contentUrl":"https:\/\/zborsolidarity.eu\/wp-content\/uploads\/2020\/10\/zbor_solidarity_logo.png","width":600,"height":165,"caption":"European Solidarity Corps"},"image":{"@id":"https:\/\/zborsolidarity.eu\/#\/schema\/logo\/image\/"}}]}},"_links":{"self":[{"href":"https:\/\/zborsolidarity.eu\/en\/wp-json\/wp\/v2\/tribe_events\/3149","targetHints":{"allow":["GET"]}}],"collection":[{"href":"https:\/\/zborsolidarity.eu\/en\/wp-json\/wp\/v2\/tribe_events"}],"about":[{"href":"https:\/\/zborsolidarity.eu\/en\/wp-json\/wp\/v2\/types\/tribe_events"}],"author":[{"embeddable":true,"href":"https:\/\/zborsolidarity.eu\/en\/wp-json\/wp\/v2\/users\/3"}],"version-history":[{"count":2,"href":"https:\/\/zborsolidarity.eu\/en\/wp-json\/wp\/v2\/tribe_events\/3149\/revisions"}],"predecessor-version":[{"id":3153,"href":"https:\/\/zborsolidarity.eu\/en\/wp-json\/wp\/v2\/tribe_events\/3149\/revisions\/3153"}],"wp:featuredmedia":[{"embeddable":true,"href":"https:\/\/zborsolidarity.eu\/en\/wp-json\/wp\/v2\/media\/3150"}],"wp:attachment":[{"href":"https:\/\/zborsolidarity.eu\/en\/wp-json\/wp\/v2\/media?parent=3149"}],"wp:term":[{"taxonomy":"post_tag","embeddable":true,"href":"https:\/\/zborsolidarity.eu\/en\/wp-json\/wp\/v2\/tags?post=3149"},{"taxonomy":"tribe_events_cat","embeddable":true,"href":"https:\/\/zborsolidarity.eu\/en\/wp-json\/wp\/v2\/tribe_events_cat?post=3149"}],"curies":[{"name":"wp","href":"https:\/\/api.w.org\/{rel}","templated":true}]}}

<p>Ktoré skills potrebujú lídri 21. storočia? Aké sú nové formy fungovania lídra, ktoré vyplývajú z nárokov doby? Cieľom školenia je zvýšiť kompetencie mladých ľudí a pracovníkov s mládežou v téme líderstva a projektového manažmentu, aby boli schopní realizovať kvalitné projektové návrhy. Účastníci si zážitkovou formou osvoja techniky a nástroje, ktoré leader uplatňuje v praxi.</p>
<p>Ciele aktivity:</p>
<ul>
<li>Budú zamerané najmä na pochopenie pojmu líder, rola lídra, vlastnosti lídra, rozvoj lídra a prínos lídra pri implementácii projektov. Téma líderstva bude prepojená s tvorbou projektu a projektového manažmentu.</li>
<li>Ako si vytýčiť dosiahnuteľné ciele a ako delegovať úlohy</li>
<li>Posilnenie prezentačných a facilitačných kompetencii</li>
<li>Práca s tímom a s motiváciou tímu. Práca s rôznymi členmi tímu – nováčik verzus stabilný člen tímu</li>
<li>Ako nadstaviť systém monitorovania procesov počas realizácie projektov</li>
<li>Sebapoznanie – poznanie vlastných zdrojov a potenciálu – ako sa vidím ja, ako ma vidia iní, vlastnosti, postoje a schopnosti ako predpoklady vedúce k úspechu. Vplyv správania lídra na spolupracovníkov</li>
</ul>

<p>Ktoré skills potrebujú lídri 21. storočia? Aké sú nové formy fungovania lídra, ktoré vyplývajú z nárokov doby? Cieľom školenia je zvýšiť kompetencie mladých ľudí a pracovníkov s mládežou v téme líderstva a&#8230;</p>

<!-- This site is optimized with the Yoast SEO plugin v26.9 - https://yoast.com/product/yoast-seo-wordpress/ -->
<title>The new generation of leaders - European Solidarity Corps</title>
<meta name="robots" content="index, follow, max-snippet:-1, max-image-preview:large, max-video-preview:-1" />
<link rel="canonical" href="https://zborsolidarity.eu/skolenie/the-new-generation-of-leaders/" />
<meta property="og:locale" content="en_US" />
<meta property="og:type" content="article" />
<meta property="og:title" content="The new generation of leaders - European Solidarity Corps" />
<meta property="og:url" content="https://zborsolidarity.eu/skolenie/the-new-generation-of-leaders/" />
<meta property="og:site_name" content="European Solidarity Corps" />
<meta property="og:image" content="https://zborsolidarity.eu/wp-content/uploads/2022/04/Skolenie-The-new-generation-of-leaders.png" />
	<meta property="og:image:width" content="1414" />
	<meta property="og:image:height" content="2000" />
	<meta property="og:image:type" content="image/png" />
<meta name="twitter:card" content="summary_large_image" />
<meta name="twitter:label1" content="Est. reading time" />
	<meta name="twitter:data1" content="1 minute" />
<script type="application/ld+json" class="yoast-schema-graph">{"@context":"https://schema.org","@graph":[{"@type":"WebPage","@id":"https://zborsolidarity.eu/skolenie/the-new-generation-of-leaders/","url":"https://zborsolidarity.eu/skolenie/the-new-generation-of-leaders/","name":"The new generation of leaders - European Solidarity Corps","isPartOf":{"@id":"https://zborsolidarity.eu/#website"},"primaryImageOfPage":{"@id":"https://zborsolidarity.eu/skolenie/the-new-generation-of-leaders/#primaryimage"},"image":{"@id":"https://zborsolidarity.eu/skolenie/the-new-generation-of-leaders/#primaryimage"},"thumbnailUrl":"https://zborsolidarity.eu/wp-content/uploads/2022/04/Skolenie-The-new-generation-of-leaders.png","datePublished":"2022-04-12T07:13:03+00:00","breadcrumb":{"@id":"https://zborsolidarity.eu/skolenie/the-new-generation-of-leaders/#breadcrumb"},"inLanguage":"en-US","potentialAction":[{"@type":"ReadAction","target":["https://zborsolidarity.eu/skolenie/the-new-generation-of-leaders/"]}]},{"@type":"ImageObject","inLanguage":"en-US","@id":"https://zborsolidarity.eu/skolenie/the-new-generation-of-leaders/#primaryimage","url":"https://zborsolidarity.eu/wp-content/uploads/2022/04/Skolenie-The-new-generation-of-leaders.png","contentUrl":"https://zborsolidarity.eu/wp-content/uploads/2022/04/Skolenie-The-new-generation-of-leaders.png","width":1414,"height":2000},{"@type":"BreadcrumbList","@id":"https://zborsolidarity.eu/skolenie/the-new-generation-of-leaders/#breadcrumb","itemListElement":[{"@type":"ListItem","position":1,"name":"Domovská stránka","item":"https://zborsolidarity.eu/"},{"@type":"ListItem","position":2,"name":"školenia","item":"https://zborsolidarity.eu/skolenia/"},{"@type":"ListItem","position":3,"name":"The new generation of leaders"}]},{"@type":"WebSite","@id":"https://zborsolidarity.eu/#website","url":"https://zborsolidarity.eu/","name":"European Solidarity Corps","description":"","publisher":{"@id":"https://zborsolidarity.eu/#organization"},"potentialAction":[{"@type":"SearchAction","target":{"@type":"EntryPoint","urlTemplate":"https://zborsolidarity.eu/?s={search_term_string}"},"query-input":{"@type":"PropertyValueSpecification","valueRequired":true,"valueName":"search_term_string"}}],"inLanguage":"en-US"},{"@type":"Organization","@id":"https://zborsolidarity.eu/#organization","name":"European Solidarity Corps","url":"https://zborsolidarity.eu/","logo":{"@type":"ImageObject","inLanguage":"en-US","@id":"https://zborsolidarity.eu/#/schema/logo/image/","url":"https://zborsolidarity.eu/wp-content/uploads/2020/10/zbor_solidarity_logo.png","contentUrl":"https://zborsolidarity.eu/wp-content/uploads/2020/10/zbor_solidarity_logo.png","width":600,"height":165,"caption":"European Solidarity Corps"},"image":{"@id":"https://zborsolidarity.eu/#/schema/logo/image/"}}]}</script>
<!-- / Yoast SEO plugin. -->

Domovská stránka

školenia
